nder when 259594 is divided by 1014?
10
What is the remainder when 1923 is divided by 775?
373
What is the remainder when 3144 is divided by 31?
13
Calculate the remainder when 6048 is divided by 274.
20
What is the remainder when 76726 is divided by 184?
182
What is the remainder when 5599 is divided by 2759?
81
What is the remainder when 331203 is divided by 124?
123
Calculate the remainder when 682261 is divided by 22.
19
What is the remainder when 4885 is divided by 372?
49
Calculate the remainder when 45550 is divided by 208.
206
Calculate the remainder when 69331 is divided by 283.
279
What is the remainder when 2347 is divided by 466?
17
Calculate the remainder when 29732 is divided by 93.
65
What is the remainder when 119415 is divided by 140?
135
Calculate the remainder when 15247 is divided by 951.
31
Calculate the remainder when 24563 is divided by 168.
35
What is the remainder when 108548 is divided by 325?
323
What is the remainder when 1811 is divided by 419?
135
What is the remainder when 57755 is divided by 48?
11
Calculate the remainder when 123027 is divided by 203.
9
Calculate the remainder when 8650 is divided by 2109.
214
Calculate the remainder when 4985099 is divided by 1146.
1145
Calculate the remainder when 1903 is divided by 165.
88
Calculate the remainder when 491282 is divided by 15.
2
Calculate the remainder when 1965178 is divided by 12.
10
Calculate the remainder when 908086 is divided by 113510.
6
Calculate the remainder when 2113 is divided by 110.
23
Calculate the remainder when 2047 is divided by 228.
223
Calculate the remainder when 52919 is divided by 98.
97
What is the remainder when 34973 is divided by 6974?
103
What is the remainder when 5972 is divided by 542?
10
What is the remainder when 43744 is divided by 5?
4
What is the remainder when 515189 is divided by 209?
4
What is the remainder when 6588 is divided by 54?
0
Calculate the remainder when 2052 is divided by 2026.
26
Calculate the remainder when 191587 is divided by 38309.
42
What is the remainder when 504075 is divided by 231?
33
Calculate the remainder when 45516 is divided by 15168.
12
What is the remainder when 333177 is divided by 540?
537
What is the remainder when 11203 is divided by 208?
179
What is the remainder when 1651 is divided by 327?
16
Calculate the remainder when 50230 is divided by 1092.
1090
What is the remainder when 70670 is divided by 760?
750
What is the remainder when 59430 is divided by 29709?
12
Calculate the remainder when 614 is divided by 439.
175
What is the remainder when 557092 is divided by 46?
32
Calculate the remainder when 67287 is divided by 1087.
980
What is the remainder when 82382 is divided by 152?
150
What is the remainder when 486561 is divided by 26?
23
Calculate the remainder when 3591 is divided by 58.
53
What is the remainder when 571 is divided by 162?
85
Calculate the remainder when 13981 is divided by 36.
13
What is the remainder when 819023 is divided by 904?
903
What is the remainder when 1890 is divided by 1250?
640
What is the remainder when 145918 is divided by 256?
254
What is the remainder when 7896 is divided by 4932?
2964
Calculate the remainder when 3864 is divided by 3163.
701
Calculate the remainder when 6141 is divided by 13.
5
Calculate the remainder when 21567 is divided by 4313.
2
Calculate the remainder when 120992 is divided by 60471.
50
Calculate the remainder when 79933 is divided by 113.
42
Calculate the remainder when 22726 is divided by 61.
34
What is the remainder when 674 is divided by 17?
11
What is the remainder when 17024 is divided by 4248?
32
Calculate the remainder when 8931 is divided by 617.
293
Calculate the remainder when 11582 is divided by 31.
19
Calculate the remainder when 636 is divided by 357.
279
What is the remainder when 342808 is divided by 101?
14
What is the remainder when 14287 is divided by 2850?
37
Calculate the remainder when 48546 is divided by 771.
744
What is the remainder when 35516 is divided by 17753?
10
Calculate the remainder when 22918 is divided by 227.
218
Calculate the remainder when 4544 is divided by 757.
2
Calculate the remainder when 449 is divided by 306.
143
What is the remainder when 698984 is divided by 87372?
8
Calculate the remainder when 1484 is divided by 43.
22
What is the remainder when 274031 is divided by 264?
263
Calculate the remainder when 800633 is divided by 240.
233
What is the remainder when 44861 is divided by 4980?
41
Calculate the remainder when 4653 is divided by 101.
7
What is the remainder when 111439 is divided by 28?
27
What is the remainder when 34479 is divided by 30?
9
Calculate the remainder when 73464 is divided by 24485.
9
What is the remainder when 45007 is divided by 776?
775
What is the remainder when 60865 is divided by 1963?
12
Calculate the remainder when 4215 is divided by 31.
30
Calculate the remainder when 33936 is divided by 142.
140
Calculate the remainder when 2390 is divided by 1225.
1165
What is the remainder when 1404 is divided by 1261?
143
What is the remainder when 431946 is divided by 11075?
21
What is the remainder when 851 is divided by 192?
83
Calculate the remainder when 8320 is divided by 39.
13
What is the remainder when 122828 is divided by 173?
171
Calculate the remainder when 43705 is divided by 9.
1
What is the remainder when 952 is divided by 74?
64
What is the remainder when 173135 is divided by 28852?
23
What is the remainder when 1060 is divided by 750?
310
Calculate the remainder when 374 is divided by 359.
15
What is the remainder when 69917 is divided by 16?
13
Calculate the remainder when 55735 is divided by 139.
135
What is the remainder when 280347 is divided by 93444?
15
Calculate the remainder when 104017 is divided by 51994.
29
What is the remainder when 537855 is divided by 2816?
2815
Calculate the remainder when 113535 is divided by 56762.
11
Calculate the remainder when 231572 is divided by 3356.
8
What is the remainder when 43438 is divided by 23?
14
What is the remainder when 2135 is divided by 55?
45
Calculate the remainder when 173062 is divided by 34610.
12
Calculate the remainder when 14837 is divided by 51.
47
What is the remainder when 353865 is divided by 222?
219
What is the remainder when 220 is divided by 15?
10
Calculate the remainder when 4878 is divided by 1611.
45
Calculate the remainder when 152917 is divided by 52.
37
Calculate the remainder when 15343 is divided by 438.
13
Calculate the remainder when 47491 is divided by 23659.
173
What is the remainder when 531029 is divided by 164?
161
Calculate the remainder when 356936 is divided by 43.
36
Calculate the remainder when 11053 is divided by 26.
3
Calculate the remainder when 15097 is divided by 388.
353
Calculate the remainder when 70 is divided by 67.
3
Calculate the remainder when 398 is divided by 355.
43
What is the remainder when 6534 is divided by 198?
0
Calculate the remainder when 7454515 is divided by 2499.
2497
Calculate the remainder when 273077 is divided by 165.
2
What is the remainder when 4034 is divided by 129?
35
Calculate the remainder when 27048 is divided by 6.
0
What is the remainder when 1055674 is divided by 83?
80
Calculate the remainder when 79768 is divided by 25.
18
What is the remainder when 4288 is divided by 135?
103
Calculate the remainder when 11125 is divided by 16.
5
Calculate the remainder when 29997 is divided by 848.
317
Calculate the remainder when 32915 is divided by 39.
38
What is the remainder when 239800 is divided by 16?
8
What is the remainder when 120702 is divided by 447?
12
Calculate the remainder when 1550 is divided by 1376.
174
Calculate the remainder when 655 is divided by 22.
17
What is the remainder when 19928 is divided by 6181?
1385
Calculate the remainder when 2884 is divided by 1870.
1014
What is the remainder when 7105 is divided by 3451?
203
What is the remainder when 6797842 is divided by 12?
10
Calculate the remainder when 8394 is divided by 144.
42
Calculate the remainder when 38746 is divided by 250.
246
Calculate the remainder when 479029 is divided by 77.
12
Calculate the remainder when 1567 is divided by 496.
79
What is the remainder when 3618 is divided by 1198?
24
What is the remainder when 446485 is divided by 